What is u(-19)?
4
Let b(y) = 2224*y - 40000. Give b(18).
32
Let r(t) = -t**3 - 278*t**2 + 41*t + 11373. Determine r(-278).
-25
Let v(l) = -48209*l + 8581199. What is v(178)?
-3
Let z(l) = -l**2 + 2054*l - 100279. What is z(50)?
-79
Let s(b) = -1701*b + 241530. Give s(142).
-12
Let o(t) = t**2 + 119*t + 1620. Calculate o(-108).
432
Let m(g) = -6116*g + 1327409. Give m(217).
237
Let o(h) = -21*h**3 + 174*h**2 - 9*h + 5. What is o(6)?
1679
Let c(g) = 19*g**2 - 397*g + 1655. What is c(6)?
-43
Let r(o) = -o**3 - 16*o**2 + 50*o - 229. Calculate r(-15).
-1204
Let k(o) = -156*o**2 + 217*o - 1. Calculate k(1).
60
Let s(a) = -a**2 - 15717*a - 125771. What is s(-8)?
-99
Let u(y) = -3970*y + 227018. Determine u(57).
728
Let l(c) = -c**3 - 356*c**2 - 2778*c + 38. Determine l(-8).
-10
Let i(m) = -30155*m + 150958. Determine i(5).
183
Let o(b) = -4*b**2 - 313*b - 6395. Give o(-34).
-377
Let f(z) = 9*z - 2137. Give f(23).
-1930
Let d(i) = -3*i**3 + 33*i**2 + 581*i + 17. Determine d(-8).
-983
Let n(a) = -1151*a + 12664. Calculate n(11).
3
Let f(r) = -2*r**3 + 2*r**2 - 2252*r - 59. Give f(0).
-59
Let z(a) = -9*a**3 + 172*a**2 - 92*a - 745. Give z(18).
839
Let k(d) = -d**2 + 2128*d - 77351. Give k(37).
16
Let f(j) = -j**3 + 5*j**2 + 187*j - 75. What is f(17)?
-364
Let j(a) = -8834*a + 79500. Calculate j(9).
-6
Let p(s) = 8*s**3 - 9*s**2 + 1258*s + 4977. What is p(-4)?
-711
Let i(z) = 8288*z - 505576. What is i(61)?
-8
Let w(c) = c**3 + 1063*c**2 + 64866*c - 259. Give w(-65).
1
Let g(i) = -588*i**2 - 1415*i + 1411. Give g(1).
-592
Let t(v) = -v**3 - 232*v**2 - 243*v - 3134. Give t(-231).
-362
Let h(q) = -2*q**2 + 351*q + 354. Determine h(166).
3508
Let j(h) = h**3 - 22*h**2 + 17*h + 540. Determine j(7).
-76
Let j(m) = -m**3 + 34*m**2 - 296*m + 8669. Determine j(33).
-10
Let u(f) = 13*f**3 - f**2 - 699*f + 1. Calculate u(0).
1
Let t(l) = -149*l + 2872. Calculate t(17).
339
Let k(x) = -10*x - 642. Calculate k(-36).
-282
Let p(h) = 15*h**3 - 8*h**2 - 21*h - 3. Determine p(3).
267
Let t(r) = -53312*r - 425910. Give t(-8).
586
Let i(u) = -u**3 - 150*u**2 - 3379*u - 66. What is i(-27)?
1500
Let z(k) = -127*k**2 + 202*k + 111. Calculate z(2).
7
Let k(h) = -3*h**2 + 22770*h + 456621. Give k(-20).
21
Let o(y) = -3*y**2 - 14*y + 806. Determine o(-22).
-338
Let p(z) = -7*z**3 + 21*z**2 + 1317*z + 3577. Give p(-3).
4
Let z(w) = 11*w**3 + 85*w**2 + 570*w + 14. Determine z(-7).
-3584
Let g(n) = 2*n**3 + 110*n**2 + 115*n + 163. Give g(-54).
-215
Let c(y) = 2*y**3 + 360*y**2 - 10715*y - 484. What is c(-206)?
134
Let j(x) = -4*x**2 + 296*x - 192. What is j(62)?
2784
Let o(q) = -5*q - 1944. Determine o(-64).
-1624
Let i(o) = 2013*o - 72451. Calculate i(36).
17
Let u(j) = -7711*j - 347000. Determine u(-45).
-5
Let p(t) = -11*t**3 + 2*t**2 - 10*t - 48. What is p(-5)?
1427
Let o(c) = 2*c**3 - 270*c**2 + 5813*c - 3786. Give o(26).
-16
Let b(q) = -139*q + 282. Determine b(3).
-135
Let h(f) = -5*f**3 + 48*f**2 - 23*f - 27. Give h(7).
449
Let s(t) = -2238*t + 13660. What is s(6)?
232
Let j(a) = 2477*a - 2362. Determine j(4).
7546
Let n(w) = -108*w**2 - 11016*w - 6. Calculate n(-102).
-6
Let j(s) = -36658*s - 916338. Calculate j(-25).
112
Let s(m) = -109*m**2 + 810*m + 6773. What is s(-5)?
-2
Let f(z) = -z**3 + 31*z**2 - 288*z + 3381. What is f(25)?
-69
Let q(k) = -478*k - 9816. Give q(-18).
-1212
Let q(p) = 24443*p**2 + 415528*p - 51. Calculate q(-17).
0
Let k(r) = -3*r**3 + 79*r**2 - 214*r - 98. Give k(20).
3222
Let n(x) = -28*x**2 - 1903*x + 337. Give n(-68).
269
Let a(g) = 216*g - 20420. Give a(113).
3988
Let z(v) = -115*v**2 - 2870*v + 120. What is z(-25)?
-5
Let y(u) = 103*u**2 + 685*u + 403. Determine y(-6).
1
Let h(n) = -106*n**2 - 732*n - 617. Give h(-6).
-41
Let o(b) = -7*b**3 - 99*b**2 - 137*b - 95. What is o(-14)?
1627
Let z(r) = -r**3 - 125*r**2 + 671*r + 2765. What is z(-130)?
35
Let y(u) = 59*u**2 + 2149*u + 873. What is y(-36)?
-27
Let d(h) = 3*h**3 - 10*h**2 - 2*h - 2. Give d(9).
1357
Let g(x) = 251*x + 1936. What is g(-9)?
-323
Let y(a) = 3*a**2 - 217*a + 419. Determine y(69).
-271
Let o(i) = -5*i**3 + 189*i**2 + 34*i + 49. What is o(38)?
-103
Let k(h) = h**3 - 32*h**2 - 160*h - 108. What is k(35)?
-2033
Let p(k) = k**3 + 33*k**2 + 89*k - 365. Calculate p(-34).
-4547
Let b(w) = -w**3 - 1960*w - 11865. What is b(-6)?
111
Let t(q) = -28214*q - 6432801. Calculate t(-228).
-9
Let x(u) = -7*u**2 + 886*u - 404. What is x(127)?
-785
Let f(i) = -46548*i - 837880. Determine f(-18).
-16
Let o(i) = -10*i**3 + 810*i**2 + 828*i + 37. Determine o(82).
693
Let g(d) = -515*d**2 - 4532*d + 937. Give g(-9).
10
Let c(n) = -3*n**2 + 50915*n + 101831. Calculate c(-2).
-11
Let r(t) = 6*t**2 + 44188*t - 442483. Determine r(10).
-3
Let c(t) = 2*t**3 + 9*t**2 - 289*t - 2301. Determine c(-8).
-437
Let b(y) = -17959*y + 807951. Calculate b(45).
-204
Let s(q) = -q**2 - 12666*q + 88690. What is s(7)?
-21
Let d(m) = 72*m**2 + 21828*m + 3653. What is d(-303)?
17
Let l(n) = 7*n**2 + 184*n - 15517. Calculate l(-62).
-17
Let h(z) = -9*z**2 - 927*z + 4655. Give h(5).
-205
Let p(v) = 2*v**2 + 365*v + 14500. What is p(-133)?
1333
Let x(s) = -s**3 + 45*s**2 - 297*s + 171. Calculate x(7).
-46
Let x(c) = 5*c**2 + 3021*c - 18103. Give x(6).
203
Let m(w) = -264*w + 3538. What is m(13)?
106
Let b(o) = -3560*o - 56938. Determine b(-16).
22
Let f(j) = 28412*j + 1136583. Calculate f(-40).
103
Let d(v) = -3*v**2 - 180*v - 159. Calculate d(-59).
18
Let g(o) = -o**3 + 275*o**2 - 3*o + 853. Calculate g(275).
28
Let l(m) = 8*m**2 - 1302*m + 46070. Give l(52).
-2
Let r(k) = 117877*k + 1532405. What is r(-13)?
4
Let k(v) = -7554*v - 188852. What is k(-25)?
-2
Let q(r) = -170746*r - 10074012. Calculate q(-59).
2
Let f(q) = -840*q + 59575. Determine f(69).
1615
Let m(v) = 8213*v + 49038. Determine m(-6).
-240
Let p(y) = -y**3 + 65*y**2 - 5457*y + 354737. Give p(65).
32
Let h(d) = -4537*d + 1097984. Give h(242).
30
Let y(b) = b**2 + 4883*b + 246427. Calculate y(-51).
-5
Let z(j) = -55*j - 2769. Calculate z(-60).
531
Let k(f) = 340*f - 38102. Calculate k(112).
-22
Let m(u) = -u**3 + 13*u**2 - 1407*u + 16532. Determine m(12).
-208
Let t(q) = -3*q**3 - 1094*q**2 + 388*q + 8446. Give t(-365).
51
Let t(z) = 312*z - 1068. Give t(4).
180
Let z(x) = -179*x**2 + 33642*x + 1739. Determine z(188).
-141
Let w(x) = -424365*x + 848589. Give w(2).
-141
Let n(v) = -12*v**2 + 259*v - 744. What is n(3)?
-75
Let m(j) = -2096*j + 100557. Determine m(48).
-51
Let p(w) = -2007*w - 97880. Give p(-49).
463
Let p(r) = -r**2 - 10583*r - 316686. Give p(-30).
-96
Let b(g) = -g**3 + 222*g**2 + 492*g - 9860. What is b(224)?
-4
Let q(t) = 18*t + 6143. What is q(-335)?
113
Let i(c) = -15*c**3 - 163*c**2 - 2295*c - 25492. Determine i(-11).
-5
Let h(z) = 3*z**2 + 94*z + 264. Give h(-27).
-87
Let i(h) = -1181*h - 292880. Give i(-248).
8
Let i(h) = 875*h + 42409. What is i(-48)?
409
Let b(v) = 433*v + 90794. Determine b(-210).
-136
Let v(g) = -25*g**2 + 3327*g + 9938. Give v(136).
10
Let y(r) = r**2 - 876*r + 62887. What is y(79)?
-76
Let o(r) = -3*r**3 + 345*r**2 - 181*r + 103309. Give o(117).
-2
Let t(d) = 3*d**2 + 2667*d - 5325. Calculate t(2).
21
Let w(t) = -4477*t + 23313. What is w(6)?
-3549
Let w(s) = -198*s + 2908. Give w(16).
-260
Let n(m) = -4055*m + 4054. Calculate n(1).
-1
Let x(n) = n**3 - 169*n**2 + 6490*n - 5718. What is x(111)?
54
Let h(x) = 7*x**2 - 2407*x + 4447. What is h(342)?
1
Let l(g) = 131*g**2 + 2679*g - 2677. What is l(1)?
133
Let p(m) = 8*m**3 - 44*m**2 - 1635*m + 9635. Give p(6).
-31
Let i(k) = -4*k**2 + 141*k + 1605. Give i(-11).
-430
Let w(f) = f**3 - 154*f**2 + 2573*f - 765. What is w(135)?
315
Let o(r) = r**3 - 29*r**2 - 68*r - 486. What is o(32)?
410
Let q(p) = -p**3 - 141*p**2 + 2721*p - 601. Determine q(17).
-6
Let a(l) = -2*l**3 + 570*l**2 - 64*l + 18227. Give a(285).
-13
Let h(j) = -1180*j - 14934. Determine h(-13).
406
Let g(w) = -8*w**2 - 514557*w - 1543658. What is g(-3)?
-59
Let z(a) = -7394*a - 147775. What is z(-20)?
105
Let k(m) = 2*m**3 - 160*m**2 - 1125*m + 90053. Calculate k(80).
53
Let m(f) = -39061*f - 859236. Give m(-22).
106
Let h(y) = 2*y**2 + 11488*y + 478973. What is h(-42)?
5
Let m(w) = 773*w + 25569. What is m(-33)?
60
Let l(x) = -x**3 - 115*x**2 - 2631*x + 11237. Determine l(-38).
27
Let w(m) = m**3 